(9). Suppose -3*o + o + p = 0. Is o a prime number?
True
Let r = -53 - -55. Suppose -5*f + x = -4566, r*x = -2*f - 0*f + 1824. Is f a composite number?
True
Let w be 9/21 + 31/(-7). Let k(p) = 27*p**2 + 6*p + 1. Is k(w) a prime number?
True
Let p(z) = -844*z**3 + 2*z**2 + 5*z + 3. Is p(-2) a prime number?
False
Let i = 1195 + -554. Suppose 457 = -3*r - 3*x + 2344, 2*x = r - i. Is r prime?
False
Let d = 203 + 332. Is d composite?
True
Let b be (16 + -16)/(0 + 1). Suppose b = -p + 319 + 1152. Is p composite?
False
Let g be (-66680)/(-32) + (-2)/((-8)/(-3)). Suppose 3*b + g = 4*u, 4*b - 3*b - 2095 = -4*u. Is u prime?
True
Let a(t) = 18*t**3 - 9*t**2 - 15*t - 14. Let m(o) = -27*o**3 + 14*o**2 + 23*o + 21. Let y(p) = -8*a(p) - 5*m(p). Is y(-5) prime?
False
Suppose 25645 = 28*q - 27*q - k, -5*k = 2*q - 51318. Is q composite?
True
Suppose 2*j = q - 5, 2*j + j + q = 5. Suppose 5*i + 7 + 718 = j. Let w = i - -392. Is w prime?
False
Let w(v) = -549*v - 3. Let f be w(-2). Suppose 0 = -3*n - 2*n + f. Is n a prime number?
False
Let x(k) = k**2 + 16*k - 34. Let h be x(-20). Suppose -h*m + 29010 = -36*m. Is m a prime number?
False
Let q be 0/((-3 - 3) + 1). Suppose 5*k = p + 25, 2*p + 3*p + 5 = k. Suppose k*g - 2353 - 202 = q. Is g a prime number?
False
Let u = -15088 - -70599. Is u a composite number?
False
Let c(h) = 365*h - 49. Is c(16) prime?
True
Let o(f) = f**2 + 4*f + 1. Let x be o(-4). Let c(z) = -3*z - x + 0*z - 126*z**3 + z. Is c(-1) prime?
True
Let y(l) = -l**3 - 19*l**2 + 15*l - 38. Is y(-21) a prime number?
False
Is -7 + 28316 - (0 - 10) a prime number?
True
Let f = -16 + 17. Is (-4 + f)*(-38)/6 a prime number?
True
Suppose -14*g + 128289 = 7*g. Is g composite?
True
Let u be (1/4)/(2/8). Let q be 9/3 + u + 1. Suppose -3*f + q*f + 366 = 4*k, -3*f - 104 = -k. Is k a composite number?
False
Suppose -3*n - 2572 = -o, -2*n - 2 = -n. Is o composite?
True
Let c = -10 - -15. Suppose 5*z = 2*l + 23, -c*l = -5*z + 7 + 28. Is z/4 + (-4589)/(-52) prime?
True
Suppose 38 = -d + 63. Suppose 4114 = 2*t - t. Is (-10)/d - t/(-10) prime?
False
Let t = 49 - 44. Suppose -1518 = -v - t*p, -3*v + 4*p - 1517 = -4*v. Is v a prime number?
False
Let r be (3/6)/(1/222). Let s(u) = 1 - 8*u - r*u - 2. Is s(-2) prime?
False
Let o(f) = -21*f**2 + 220*f**2 + 22 - 19 + 4*f. Is o(-2) composite?
True
Suppose 4*h + 137 + 179 = 4*l, 3*l = h + 69. Let f = 269 + h. Is f a composite number?
True
Suppose 5*o - 2*q - 127240 = 171921, 0 = o + 5*q - 59843. Is o composite?
False
Let s = -352 - -1867. Suppose 15*m = 10*m + s. Is m prime?
False
Suppose 3768 + 2058 = 2*m. Is m prime?
False
Let l(b) = 5*b**2 - 10*b + 4. Let m be (-184)/(-16) - 2/4. Let z be l(m). Suppose 3*x - 4*t + 102 = z, 154 = x + 3*t. Is x a composite number?
False
Suppose k + 1318 = 4044. Let s = k + -1365. Is s a prime number?
True
Suppose -w - 13 = -2. Let x = w - -11. Suppose -2*m - 2*m = 2*g - 194, x = 5*g - 5*m - 470. Is g composite?
True
Suppose -771 = 3*f - 3*d, -3*f + 2*d - 378 - 392 = 0. Let a = f + 563. Is a composite?
False
Let r(c) = c**3 - 9*c**2 - 12*c + 5. Let b = 39 + -27. Is r(b) prime?
True
Let r(a) = 48*a**2 + 16*a - 3. Let c = 76 + -83. Is r(c) prime?
True
Suppose -y = x - 2*x + 34785, 2*y = -3*x + 104335. Is x prime?
True
Let i(l) be the first derivative of 5*l**3/3 - 5*l**2/2 + 7*l - 37. Is i(11) composite?
False
Let i be 51/6 + (-6)/(-4). Suppose 4*d = 6 + i. Suppose 27 = f - d*c, 20 = 4*f - 4*c - 100. Is f prime?
True
Let g(v) = v + 16. Let m be g(-19). Let t(r) = 250*r**2 - 3*r - 10. Is t(m) a composite number?
True
Suppose f - 3*f = -24. Suppose -6*j - f = -9*j. Suppose 0 = -4*s + 3*q + 133, 0 = 2*s - s + j*q - 57. Is s prime?
True
Suppose 3*x = -x - 20, 0 = -3*a + 3*x + 6. Let v be 18/(-4)*188/a. Suppose -2*h + f = -v, 318 = -4*h - 5*f + 854. Is h a prime number?
True
Let f(u) = -18*u**3 - 7*u**2 + 22*u - 16. Is f(-11) a prime number?
True
Suppose -9*x + 3*x + 12 = 0. Let b = -537 - -2222. Suppose b = x*g + 3*g. Is g prime?
True
Suppose 5*b + 199 = 4*b. Let p = b + 344. Is ((-2)/1)/((-5)/p) prime?
False
Suppose 8*w = -4*r + 5*w + 13634, -5*w + 10 = 0. Is r a prime number?
True
Let x = -117 - -118. Is 5561 - (3 + x + 0) composite?
False
Let g be (55/20*-38)/((-1)/6). Is (g - -2)*(0 - -1) prime?
False
Let a(y) = 938*y**2 + y. Let l be a(1). Let g = -660 + l. Is (18/27)/(2/g) composite?
True
Let l be (10/(10/1))/((-1)/(-439)). Let d be (-4)/6 + (-5836)/(-6). Let n = d - l. Is n prime?
False
Let z(f) = -9*f**2 - f**3 + 13*f + f**2 + f**2 + 4. Is z(-9) composite?
True
Suppose 13*h - 1542 = 11*h. Suppose -s = h + 1108. Let f = s + 2772. Is f prime?
False
Suppose -9*h + 8*h + 859 = 0. Suppose 416 = j - 3*x, 2*j - h = -4*x - 17. Is j prime?
True
Let n = 11 - 32. Let c = n - -17. Is (-12)/24 - 846/c a composite number?
False
Let f be (0 + 0 - 0) + 4. Let u be (72/14)/(f/938). Let a = u - 815. Is a prime?
False
Let l be 4*1/6*3. Suppose -3*p = l*p + 2025. Let x = -194 - p. Is x composite?
False
Let g = -305 - -522. Is g prime?
False
Let q = -13 + 26. Suppose -5*s - 3 + q = 0. Let f(u) = 177*u - 1. Is f(s) composite?
False
Suppose -5*s = 0, 4*c - 8*c + 14372 = s. Is c a prime number?
True
Is 183104/12 - 3/(-9) a prime number?
True
Suppose -24*a - 41417 + 212033 = 0. Is a a prime number?
True
Suppose 5*p + 6*z = 8*z + 826, -4*p + 3*z + 658 = 0. Is p prime?
False
Let o be (-2 - 1782)*(0 + -1)*1. Suppose 3*t - o = -t. Is t a composite number?
True
Suppose 0 = 3*k - k. Suppose k = 5*a + 10 + 15. Is a + 230 - 2/1 a prime number?
True
Suppose -5*g + 105 = -3*q, -g + 5*g + 3*q - 84 = 0. Suppose 3*o + g = 402. Is o a composite number?
False
Let p(a) = 2*a + 26. Let l be p(-9). Is ((-7863)/(-6) - l)/(2/4) prime?
False
Let l = -100 - -61. Is (-6)/l + 9/(-13)*-3907 a composite number?
True
Let c(y) = -3*y + 4. Let v be c(-1). Suppose 5*i + g = 1648, -g - 1 = -4. Suppose v*o - i = 6*o. Is o composite?
True
Let w be (10855/39)/(2/(-6)). Let r = w + 1466. Is r composite?
False
Let i(v) = -v**3 - 10*v**2 + 4*v - 19. Let k be i(-10). Let m = 186 + k. Is m composite?
False
Let n(h) = 3*h - 3. Let u be n(2). Suppose -3*a - 5*r = -124, u*r = -r - 16. Suppose 2*f + a = -5*c + 3007, -5*f + 3*c + 7382 = 0. Is f prime?
False
Let w = 5 - 2. Let o be (-1)/w - (-5316)/(-36). Is (-1)/(o/(-76) - 2) composite?
False
Let d(x) = -2*x**3 + 5*x**2 + 4*x - 1. Let t be d(3). Suppose 2*c - 410 - 260 = -2*j, c - t*j - 323 = 0. Is c a composite number?
False
Suppose -3*z = -4606 - 947. Is z prime?
False
Let f(v) = -24*v**3 + 5*v**2 - 7*v + 25. Is f(-8) a composite number?
False
Let f(b) = -3*b**3 + 20*b**2 - 36*b + 22. Is f(-15) a composite number?
False
Suppose -33*u - 60235 = -40*u. Is u prime?
False
Suppose o + 0*l - 7 = 2*l, 3 = 3*o + 3*l. Suppose -2*m - 5*g - 9 = -0*m, -o*m - 3*g = 0. Suppose m*p - 7*p + 76 = 0. Is p a prime number?
True
Let q be (12/(-10))/(3/1150). Let c = q - -861. Is c a composite number?
False
Let h(f) = -37*f**2 - 28*f + 12. Let j(w) = 19*w**2 + 14*w - 6. Let x(p) = 2*h(p) + 5*j(p). Is x(5) a prime number?
False
Let f(q) = -749*q. Let a be f(-1). Suppose a + 353 = 2*t. Is t composite?
True
Let f(q) = -q**3 + 7*q**2 + 8*q + 2. Let t be f(8). Let i(k) = 23 + 32 + 3*k - k**3 - k**t - 2*k. Is i(0) prime?
False
Let c be 22072/(-24) - 2/6. Let y = 1773 + c. Is y prime?
True
Let t(o) = 268*o**2 - 3*o - 11. Is t(10) composite?
False
Suppose 1700 = 2*i - 652. Suppose 0 = -5*k - k - 5034. Let f = i + k. Is f composite?
False
Let l(u) = 312*u + 11. Is l(1) a composite number?
True
Suppose 0*t - 3*g - 5770 = -5*t, 4*t - 4643 = -3*g. Let m = t - 438. Is m a prime number?
True
Let o(h) = -169*h - 6. Let i(q) be the first derivative of -253*q**2/2 - 9*q - 1. Let u(t) = 5*i(t) - 7*o(t). Is u(-2) composite?
True
Suppose 0 = -5*t + 2 + 8, -202 = 5*v + 4*t. Is ((-278)/3)/(4/v) prime?
False
Let h = 30 + -26. Suppose -858 = -h*u - 2*u. Is u a prime number?
False
Let k(s) = 5*s**3 + 5*s**2 - 2*s - 7. Let p(y) = 16*y**3 + 15*y**2 - 5*y - 21. Let w(z) = 8*k(z) - 3*p(z). Is w(-4) composite?
False
Let q be 1276/3 - (-7)/(-21). Let x(h) = 5*h - 1. Let v be x(1). Suppose -v*l + q = l. Is l a prime number?
False
Let i = -21 + 32. Suppose 0 = t + 6 - i. Suppose 4*d - 2*d + 5*z - 144 = 0, -375 = -5*d - t*z. Is d a prime number?
False
Let y(d